nder when 27540 is divided by 2761?
2691
What is the remainder when 4014 is divided by 334?
6
Calculate the remainder when 212847 is divided by 91.
89
Calculate the remainder when 6089 is divided by 14.
13
Calculate the remainder when 74266 is divided by 248.
114
Calculate the remainder when 20256 is divided by 49.
19
Calculate the remainder when 19413 is divided by 7.
2
Calculate the remainder when 38076 is divided by 112.
108
Calculate the remainder when 4416 is divided by 2189.
38
Calculate the remainder when 1826 is divided by 1824.
2
What is the remainder when 7666 is divided by 94?
52
What is the remainder when 7644 is divided by 2540?
24
Calculate the remainder when 1117360 is divided by 23.
20
What is the remainder when 5081 is divided by 633?
17
What is the remainder when 1091765 is divided by 29?
2
Calculate the remainder when 96982 is divided by 859.
774
Calculate the remainder when 9993 is divided by 161.
11
Calculate the remainder when 8620 is divided by 662.
14
Calculate the remainder when 376 is divided by 166.
44
Calculate the remainder when 151 is divided by 87.
64
Calculate the remainder when 15566 is divided by 5187.
5
What is the remainder when 813398 is divided by 392?
390
What is the remainder when 2211 is divided by 358?
63
Calculate the remainder when 2582121 is divided by 1625.
1621
Calculate the remainder when 1973 is divided by 30.
23
Calculate the remainder when 33671 is divided by 687.
8
What is the remainder when 74619 is divided by 104?
51
What is the remainder when 11422 is divided by 110?
92
What is the remainder when 22610 is divided by 1734?
68
Calculate the remainder when 2164 is divided by 199.
174
What is the remainder when 67503 is divided by 67465?
38
Calculate the remainder when 508057 is divided by 17.
12
What is the remainder when 15074 is divided by 397?
385
Calculate the remainder when 4321 is divided by 1153.
862
Calculate the remainder when 13715 is divided by 493.
404
Calculate the remainder when 1788 is divided by 233.
157
What is the remainder when 27741 is divided by 645?
6
What is the remainder when 1097 is divided by 220?
217
Calculate the remainder when 11004 is divided by 32.
28
What is the remainder when 41531 is divided by 11?
6
Calculate the remainder when 57973 is divided by 46.
13
What is the remainder when 297170 is divided by 477?
476
Calculate the remainder when 5380 is divided by 192.
4
What is the remainder when 144965 is divided by 36241?
1
What is the remainder when 6382 is divided by 236?
10
Calculate the remainder when 120509 is divided by 40129.
122
Calculate the remainder when 1085918 is divided by 110.
108
What is the remainder when 9243 is divided by 9243?
0
What is the remainder when 15351 is divided by 21?
0
What is the remainder when 1772 is divided by 763?
246
What is the remainder when 11641 is divided by 41?
38
Calculate the remainder when 7295 is divided by 3627.
41
What is the remainder when 22988 is divided by 5744?
12
What is the remainder when 11573 is divided by 200?
173
Calculate the remainder when 50282 is divided by 12565.
22
What is the remainder when 3185 is divided by 968?
281
Calculate the remainder when 23888 is divided by 5968.
16
Calculate the remainder when 10386 is divided by 742.
740
Calculate the remainder when 850350 is divided by 17.
10
Calculate the remainder when 1466486 is divided by 47306.
0
Calculate the remainder when 9681 is divided by 3193.
102
What is the remainder when 4931 is divided by 1629?
44
What is the remainder when 312080 is divided by 137?
131
Calculate the remainder when 1841 is divided by 877.
87
What is the remainder when 255 is divided by 142?
113
What is the remainder when 17959 is divided by 57?
4
Calculate the remainder when 10842 is divided by 541.
22
Calculate the remainder when 3923 is divided by 546.
101
What is the remainder when 1268277 is divided by 13?
10
Calculate the remainder when 4665 is divided by 777.
3
What is the remainder when 6631 is divided by 73?
61
Calculate the remainder when 596825 is divided by 639.
638
What is the remainder when 26484 is divided by 11?
7
What is the remainder when 14357 is divided by 60?
17
What is the remainder when 15039 is divided by 62?
35
Calculate the remainder when 35605 is divided by 147.
31
Calculate the remainder when 4050 is divided by 51.
21
What is the remainder when 1879775 is divided by 107?
106
What is the remainder when 16245 is divided by 2042?
1951
What is the remainder when 22793 is divided by 4?
1
What is the remainder when 256 is divided by 6?
4
What is the remainder when 26516 is divided by 5299?
21
What is the remainder when 5647 is divided by 166?
3
Calculate the remainder when 5869 is divided by 5861.
8
Calculate the remainder when 36875 is divided by 3069.
47
What is the remainder when 4561 is divided by 175?
11
What is the remainder when 19055 is divided by 19?
17
Calculate the remainder when 4551 is divided by 85.
46
Calculate the remainder when 17665236 is divided by 362.
360
What is the remainder when 1282 is divided by 890?
392
Calculate the remainder when 1931 is divided by 588.
167
What is the remainder when 32707 is divided by 990?
37
What is the remainder when 7341 is divided by 3651?
39
Calculate the remainder when 22178 is divided by 792.
2
Calculate the remainder when 171763 is divided by 35.
18
Calculate the remainder when 2727 is divided by 158.
41
Calculate the remainder when 404878 is divided by 15.
13
Calculate the remainder when 16273 is divided by 175.
173
Calculate the remainder when 2075 is divided by 552.
419
What is the remainder when 1055229 is divided by 1152?
1149
Calculate the remainder when 30072 is divided by 14.
0
What is the remainder when 78191 is divided by 24?
23
Calculate the remainder when 8881 is divided by 21.
19
What is the remainder when 36354 is divided by 757?
18
What is the remainder when 14558 is divided by 247?
232
What is the remainder when 271397 is divided by 118?
115
What is the remainder when 90381 is divided by 115?
106
Calculate the remainder when 24048 is divided by 329.
31
Calculate the remainder when 1346479 is divided by 46.
13
Calculate the remainder when 260646 is divided by 11847.
12
Calculate the remainder when 29946 is divided by 1663.
12
What is the remainder when 16679 is divided by 19?
16
What is the remainder when 389911 is divided by 22?
5
Calculate the remainder when 96087 is divided by 4177.
16
Calculate the remainder when 18900 is divided by 76.
52
Calculate the remainder when 6579 is divided by 200.
179
What is the remainder when 2952 is divided by 132?
48
What is the remainder when 1001 is divided by 137?
42
What is the remainder when 24876 is divided by 29?
23
Calculate the remainder when 4236 is divided by 250.
236
Calculate the remainder when 2010 is divided by 69.
9
Calculate the remainder when 35325 is divided by 7056.
45
What is the remainder when 28870 is divided by 175?
170
What is the remainder when 14927 is divided by 24?
23
What is the remainder when 31077 is divided by 105?
102
What is the remainder when 41843 is divided by 8366?
13
What is the remainder when 314950 is divided by 33?
31
What is the remainder when 5481 is divided by 238?
7
What is the remainder when 12261 is divided by 6105?
51
What is the remainder when 468 is divided by 89?
23
Calculate the remainder when 2720 is divided by 78.
68
Calculate the remainder when 38865 is divided by 46.
41
What is the remainder when 80701 is divided by 208?
205
What is the remainder when 290053 is divided by 290031?
22
Calculate the remainder when 44118 is divided by 940.
878
What is the remainder when 16628 is divided by 1816?
284
Calculate the remainder when 45575 is divided by 27.
26
What is the remainder when 17064 is divided by 48?
24
What is the remainder when 1832 is divided by 275?
182
What is the remainder when 12831 is divided by 2529?
186
What is the remainder when 63146 is divided by 62?
30
Calculate the remainder when 29546 is divided by 1477.
6
What is the remainder when 1080 is divided by 400?
280
What is the remainder when 1023 is divided by 130?
113
What is the remainder when 20626 is divided by 38?
30
Calculate the remainder when 40065 is divided by 636.
633
What is the remainder when 13146 is divide